u. Give w(s).
5
Let l(k) = -k**2 - k. Let w(i) = -i**2 - 2*i. Let f(s) = -2*l(s) + w(s). Let h = 5 - 3. Let r be h*-1 + (6 - 3). Calculate f(r).
1
Let x(t) = -t**2 + 4*t - 5. Let w(s) = s**2 + 4 + 3*s**2 + s**2 - 4*s**2 - 5*s. Let i be w(5). What is x(i)?
-5
Let w(d) = -3*d**3 + 2*d**3 + 0*d + 2*d. Suppose 1 = 2*q + u - 2*u, 5*u - 13 = q. Determine w(q).
-4
Let r(i) = i**2 + 5*i + 1. Suppose 0 = -g - 4 - 1. Give r(g).
1
Let x(z) be the third derivative of 0*z**3 - 1/60*z**5 + 0*z - 1/8*z**4 + 8*z**2 + 0. Calculate x(-3).
0
Let h(g) = g + 7. Let b(i) = -16*i**3 - 1. Let r be b(-1). Suppose -3*n = -2*f - 25, f - r = -7*n + 3*n. Give h(f).
2
Let o(w) = 4*w**3 - 25*w**2 - 12*w - 49. Let z(t) = t**3 - 6*t**2 - 3*t - 12. Let k(h) = 2*o(h) - 9*z(h). Give k(5).
0
Let j(h) = 3*h + 0*h - 3 - 1. Let n be (-27)/(-6)*4/6. What is j(n)?
5
Let v(s) be the third derivative of 1/3*s**3 - 1/30*s**5 + 0*s**4 - 4*s**2 + 0*s + 0 - 1/120*s**6. Give v(-2).
2
Let x(j) = 1. Let h(b) = -7*b - 5 + 7*b - 6*b - 2*b. Let k(c) = h(c) + 6*x(c). Determine k(1).
-7
Suppose -2*q + 4 = -b, -5*b - 13 - 1 = -4*q. Let y(h) = -2*h. Determine y(b).
4
Let a(z) = -5*z - 29. Let y = 0 + 0. Let k(s) = -s**3 + s**2 + s - 9. Let l be k(y). Let f(j) = j + 7. Let u(b) = l*f(b) - 2*a(b). Give u(4).
-1
Let z(u) be the second derivative of -u**3/6 + 3*u**2/2 + 17*u. What is z(6)?
-3
Let w(s) = -2*s + 1. Let f(u) = 4*u - 3. Let k(h) = -2*f(h) - 5*w(h). Let o(l) = l**3 + 3*l**2 + l - 2. Let p be o(-3). Determine k(p).
-9
Let z(l) = -3*l + 7. Let n = -59 - -64. Calculate z(n).
-8
Let x(l) = -3*l**2 - 10*l - 3. Let m(r) = r**2 + r + 1. Let y(j) = 2*m(j) + x(j). Determine y(-6).
11
Let s(j) = -j**3 + 11*j**2 - 11*j + 8. Let i(y) = y**2 + 4*y - 11. Let d be i(-7). Determine s(d).
-2
Let y(h) = -2*h**2 - 2*h**2 + 7*h**3 + 3*h**2 - 6*h**3. Let q(x) = 7*x**3 - 3*x**2 + x + 3. Let a(g) = -q(g) + 6*y(g). What is a(-3)?
0
Let h(c) be the first derivative of c**3/3 + c**2/2 - c + 26. What is h(-3)?
5
Let m(z) = -2*z + 3. Suppose -3*f - 4 + 3 = -x, f + 11 = -x. Let s = x - -11. What is m(s)?
-3
Let o(x) = x**2 - 3*x. Let d(c) = -3*c**2 + 8*c. Let p(h) = 4*d(h) + 11*o(h). Determine p(-2).
-2
Let k be 3 + 1 + 1*-1. Let b(a) = k*a**2 - 5*a**2 + 3*a**2 + 1 - 5*a + 5. Suppose -2*x - 10 = -4*p + x, 3*p = -3*x + 18. Determine b(p).
2
Suppose 4*b - 29 = -5*p, -17*b = -13*b - 5*p - 19. Let n(a) = 3*a - 9. Calculate n(b).
9
Let i = 0 + 2. Let w(k) be the second derivative of -k**5/40 + 2*k**3/3 + 3*k. Let c(d) be the second derivative of w(d). What is c(i)?
-6
Let j(k) = -k**2 - 7*k - 6. Suppose 12*z + 77 = 5. What is j(z)?
0
Let x(q) = -q**2 - q + 3. Let f be x(0). Let w(a) = 3*a + 1 + a**3 + 3*a**2 - 3*a**f + 3*a**3. Let y be (88/(-12) + 6)/((-2)/(-3)). What is w(y)?
-1
Let z(j) = 14*j + 1. Let w(r) = r**3 + 6*r**2 + 4*r - 5. Let a be w(-5). Suppose -1 = -5*g + 2*q + 24, a = -2*q. Suppose 2 - 7 = g*y. Calculate z(y).
-13
Let h(y) = 5*y**2. Suppose d - 4*d = 3*t - 12, -3*d = -5*t + 36. Let k = t - 2. Suppose -b + k = 3*b. Calculate h(b).
5
Let l(x) = 28*x**3 + 6*x**2 + 5 - 14*x**3 - 13*x**3 + 4*x. Give l(-5).
10
Suppose 3*v - v + 78 = -5*d, 0 = -4*d + 5*v - 36. Let j = -11 - d. Let q(x) = -x - 1. Let s(i) = 6*i. Let p(f) = 4*q(f) + s(f). Determine p(j).
2
Let i = -1 + -4. Let v = -2 - i. Suppose -g = 2*a + v, 5*g + 3*a + 2 = g. Let p(r) = -5*r + 1. What is p(g)?
-4
Let d(g) = 11 - 2*g + 5*g - 2*g. Calculate d(-8).
3
Suppose -23 = 3*j - 5. Let v(o) be the third derivative of o**5/60 + o**4/3 - o**3/2 - 2*o**2. Calculate v(j).
-15
Let c(r) = 13*r**3 - 24*r**2 - 4*r + 9. Let u(m) = -5*m**3 + 8*m**2 + m - 3. Let b(x) = -3*c(x) - 8*u(x). What is b(-7)?
18
Let a be 26/5 - (-6)/(-30). Suppose 3*x + a*o = o - 11, 0 = 4*x - 3*o - 2. Let i(l) = 7*l**2 - 2 + 2*l + 2 + 1. Determine i(x).
6
Let q(t) be the first derivative of t**4/4 - 4*t**3/3 + t**2/2 + 4*t - 6. Give q(4).
8
Let j(n) = -n**3 + n**2 + n + 8. Suppose -4 = 5*f - f. Let x(c) = c**3 + c**2 - c. Let y be x(f). Let b be 1*(-1 - y - -2). Calculate j(b).
8
Let r(m) = 5*m**2 - 1. Suppose -3*t = x - 3*x + 14, -20 = 2*t - 4*x. Suppose -4*b - 4 = -16. Let k = b + t. What is r(k)?
4
Let q(l) = 9*l - 10*l + 33 - 32. Calculate q(4).
-3
Let u(d) = -d + 4. Suppose -5*h - 2*k = 43 + 143, 2*h + 5*k + 87 = 0. Let r be ((-4)/12)/(2/h). What is u(r)?
-2
Let k(p) be the first derivative of 2*p - 1/4*p**4 + 3*p**2 - p**3 - 4. Determine k(-4).
-6
Let o(j) = -j**3 + 4*j**2 - j - 2. Let l = -2 - -5. Let p be o(l). Let c(y) = -y**2 + 5*y - 5. Determine c(p).
-1
Let d be (-1)/2 + (-1)/(-2). Let g be (4 - -2)/3 - d. Let p(n) = -n - g*n + 5*n. Give p(-3).
-6
Let c(x) = x**3 - x**2 - x - 1. Let u(j) = j**2 + 6*j + 3. Let l be u(-5). Calculate c(l).
-11
Let h(u) = 2*u + 1. Let n(z) = z**3 - 7*z**2 + 8*z - 8. Let f be n(6). Suppose -2*p = -3*o + 22, f*o + 9 = -2*p + 1. Let q = p + 6. What is h(q)?
-3
Let s(j) = 12*j - 7. Let a be s(1). Let g(q) = -6*q + 2. Determine g(a).
-28
Let u(r) = -11*r**2 - 3*r + 9. Let t(d) = 5*d**2 + d - 8. Let y(g) = -1. Let w(c) = t(c) - 4*y(c). Let n(z) = -6*u(z) - 13*w(z). Determine n(-5).
-2
Let d(g) = -7*g + 1 + 11*g - 6*g. Let p(f) = -f - 4. Let r be p(-6). Give d(r).
-3
Let d(j) = 7 + j - 2 - 9. Determine d(2).
-2
Let g(u) = u**2 + 5*u + 1. Let b = -58 + 54. Determine g(b).
-3
Let b(n) = n**3 + 7*n**2 + 6*n - 7. Let w be b(-5). Suppose 3*z - 23 = -5*l, 5*z - w - 8 = -4*l. Let h(g) = 4*g + g**2 - l*g + g. Give h(-2).
2
Let o(t) be the third derivative of -t**4/3 + 19*t**2. Give o(-2).
16
Let s(d) = -12 + 12 + 3 + 10*d. Calculate s(-2).
-17
Let t be 1/5 - (-18)/10. Let g(l) = -4*l**2 + l**2 + 2 - 4*l + 2*l**t. Give g(-5).
-3
Suppose -2*p - p = -15. Suppose z - 9 = n, -2*n = -p*n + 2*z - 22. Let x(g) = g**3 + 5*g**2 + 4*g + 2. Calculate x(n).
2
Suppose 3 = -q + 4*q. Suppose 2*l = l + q. Let k(r) = -l - r**2 + 0 - 1 + r. Determine k(-2).
-8
Suppose -6 = 31*f - 32*f. Let v(p) = p**2 - 8*p + 2. Determine v(f).
-10
Let t(h) = 5*h - 1. Let b(k) = -k**3 - k**2 - k - 2. Let m be b(0). Calculate t(m).
-11
Let c(q) = -q**3 + 4*q**2 - 2*q + 6. Suppose 0 = -2*g + 7*g - 50. Let h be g/3*12/10. What is c(h)?
-2
Let q(b) = 5*b**2 - 2*b. Let o(g) = -17*g**2 + 7*g - 1. Let z(a) = 2*o(a) + 7*q(a). Determine z(-3).
7
Let m(j) = -j - 11. Let x be 4/(-6)*255/10. Let r = x - -17. Calculate m(r).
-11
Let o(g) = -1 - 2*g + 4*g + 2*g + g**2. Let q(h) = h**3 - 4*h**2 - 2*h + 3. Suppose 2 = 3*j + 5*b, -b - 6 = j + 4*b. Let t be q(j). Calculate o(t).
4
Let q = 8 + -6. Let o(w) = -q*w**3 + w**3 + 2*w**3 + 6*w**2 - 6. What is o(-6)?
-6
Suppose -4*u - 9 = -41. Suppose 2*h + 0 = u. Let n(l) = -l**3 + 5*l**2 - 6*l + 3. Give n(h).
-5
Let g(h) be the first derivative of h**4/12 + 4*h**3/3 + 5*h**2 - 4*h - 3. Let z(s) be the first derivative of g(s). Give z(-7).
3
Let i(p) = -11*p - 5. Let v(z) = z + 1. Let b be 0*(-3)/(-6) - -1. Let n(t) = b*i(t) + 6*v(t). What is n(-2)?
11
Suppose -n + 5*m = m + 20, 2*n - 2*m = -22. Let x = n + 7. Let l = -2 - x. Let w(p) = 2*p**2 - p - 1. Calculate w(l).
2
Let j(z) = 3*z + 8. Let t be (-1 + 8)/(2/(-4)). Let s = t - -8. Determine j(s).
-10
Let k(i) be the first derivative of -3*i**2 - i - 2. What is k(-1)?
5
Suppose 0 = -7*v + 2*v. Let m(u) = -3 + v*u + 2 - 7*u**3 + 2*u. Let h = 2 - 1. What is m(h)?
-6
Let z(w) = w - 1. Let q(r) = 7*r - 15. Let n(y) = -q(y) + 6*z(y). Let p = -12 - -12. Give n(p).
9
Suppose -u + 18 = u - 2*v, 3*u - 5*v = 23. Let x(s) = -s**2 + 11*s. Determine x(u).
0
Suppose 2*q = c + c - 6, -11 = q - 5*c. Let y = 2 + q. Let f(l) = -l**2 - 2*l. Let k(b) = -b**2 - 3*b. Let j(n) = -5*f(n) + 3*k(n). Determine j(y).
3
Let x(t) be the second derivative of -t**3/2 + t**2/2 + t. Let j = 2 - 1. Determine x(j).
-2
Let t(l) = -l**3 + 6*l**2 - 2*l + 9. Let d be t(6). Let r be (d/(-4))/((-5)/20). Let u be 10/6 - 1/r. Let g(c) = 2*c. Give g(u).
4
Let j(v) = v**3 + 7*v**2 + 8*v - 3. Let h(k) = 3*k**3 + 15*k**2 + 17*k - 5. Let s(b) = 2*h(b) - 5*j(b). What is s(6)?
5
Let v(d) be the first derivative of d**4/2 + 2*d**3/3 - 3*d**2/2 - 3*d - 69. Calculate v(-2).
-5
Let t(b) = 2*b**2 - 3*b + 5. Let w = 10 - 6. What is t(w)?
25
Let s(t) be the third derivative of t**9/60480 - t**8/10080 - t**7/1260 - t**6/240 - t**5/30 + 2*t**2. Let l(h) be the third derivative of 